 Calculate i(-2).
-3
Let v(r) = 7*r**3 + r**2 - r. Suppose -2*g + n = 2*g - 13, 3*n + 13 = -g. Let u(y) = -4*y + g*y + 1 - 2*y + 6*y. Let q be u(0). What is v(q)?
7
Let w(l) = -11*l + 1. Let m(k) = 17*k - 2. Let p(a) = 5*m(a) + 8*w(a). Determine p(3).
-11
Let p(m) = 7*m**2 - 30*m + 7. Let v(b) = 3*b**2 - 14*b + 3. Let z(j) = 4*p(j) - 9*v(j). Give z(-4).
-7
Let h(r) = 0*r - r**3 - 4*r + 5*r - 1 + 3*r**2. Suppose -2*w - j - 3 = 3, 3*w + 9 = 2*j. Let l be (w - (-100)/36)*6*-3. Determine h(l).
-13
Let m(a) = a + 2. Let w(z) = -2*z - 3. Let p(l) = 3*m(l) + 4*w(l). Let x = -341 + 336. What is p(x)?
19
Let d(m) be the first derivative of -12 - 2/3*m**3 + 3*m - 1/2*m**4 + 3/2*m**2. Determine d(-2).
5
Let u(d) = -2*d**2 - 11*d - 7. Let p(v) = -2*v**2 - 8*v - 7. Let l(a) = 6*p(a) - 5*u(a). Calculate l(5).
-22
Let i(z) = -2*z + 31. Let c(v) = 2*v - 29. Let a(g) = 6*c(g) + 5*i(g). What is a(8)?
-3
Let d(r) be the first derivative of 5*r**2/2 + 129. What is d(-1)?
-5
Let j(o) = -3*o. Let m(a) = a**3 + 10*a**2 - 10*a + 1. Let l be m(-11). Let z = l + 9. Let t be z/(-2*2/(-8)). What is j(t)?
6
Let a(n) = 2*n. Let x(z) = -z. Let l(k) = 3*a(k) + 5*x(k). Let s(j) = 15*j**2 - 90*j + 2. Let c be s(6). What is l(c)?
2
Let m(b) = -5*b**2 - 186*b - 10. Let s(u) = -9*u**2 - 342*u - 19. Let f(r) = 11*m(r) - 6*s(r). Suppose 0 = 4*j - 5*j + 5*z + 11, j + 2*z = 4. What is f(j)?
4
Let y = -21 + 21. Suppose -2*d = -y*d - 4. Let z(b) = -13*b + 0 + 2 + b**d + 11*b. Determine z(3).
5
Suppose -3*u + 12 = -4*a, 0 = 2*u + 5*a - 0 - 8. Let g(o) = o**2 + o - 5. Let x be g(u). Let r be (0 - 0)*(-5)/x. Let z(k) = -k**3 + 8. What is z(r)?
8
Suppose 9*z - 2*j = 5*z - 52, 2*z + 2 = -5*j. Let q(u) = -u**2 - 11*u + 11. Determine q(z).
11
Suppose -47*o + 51*o - 12 = 0. Let c(n) = -n**2 + 6*n - 4. What is c(o)?
5
Let c(z) = -2*z**2 - 3*z. Let o(n) = -n**3 - 9*n**2 - 15*n - 9. Let l be o(-7). Determine c(l).
-2
Let g be 2/5 - (-632)/20. Let u be (g/(-10))/(6/(-15)). Let c(i) = -i**3 + 9*i**2 - 11*i + 11. Calculate c(u).
-13
Suppose -k = -2*k - 19. Let a = -11 - k. Let v(z) = z - 17. Determine v(a).
-9
Suppose -5*x + 15 = -0. Suppose -15 = -x*v, -37 + 13 = g - 5*v. Suppose -h + y = -g, 4*h + y - 15 = 4. Let k(l) = -l - 1. Give k(h).
-5
Let c = -40 + 85. Let a be 30/c + 32/6. Suppose 0*j = j + a. Let w(y) = -y**2 - 8*y - 7. Determine w(j).
5
Let y(d) = -4*d + 3. Let p = -14 - -3. Let g(o) = -o**3 - 13*o**2 - 24*o - 19. Let w be g(p). Determine y(w).
-9
Let w(f) be the second derivative of -f**3/6 + f**2 - 33*f - 1. Determine w(-6).
8
Let r(m) be the second derivative of m**5/20 - m**4/12 - m**3/3 - 3*m - 107. Give r(-1).
0
Let y be (1 + -2)*3 + -5. Let r(w) = w + 4. Calculate r(y).
-4
Suppose 14*j - 13 = 13*j. Suppose r - 2*n - 8 = -5*n, j = -r + 4*n. Let q(g) = -6*g. Determine q(r).
6
Suppose -3*k = 2*y + 11, -25 = 5*k - 0*k. Let p(w) = -4 + 1 - 7*w - w**2 - 1 + 0*w**y. What is p(-5)?
6
Let p(o) be the second derivative of -o**3/3 + o**2 - 2*o. Let x be (29/(-58))/(4/24). Determine p(x).
8
Let v(l) = -1 + 4 + 0*l + l - l**2. Let c be 12/(-30)*195/26. Determine v(c).
-9
Suppose r + 44 = 5*r. Suppose -3*s - r + 2 = 0. Let q(z) = 3*z**2 - 3*z - 5*z**2 + 81 - 82 + z**3 + 3*z**2. What is q(s)?
-10
Let j(t) = -4*t**2 - 2*t + 4. Let b(q) = 7*q**2 + 5*q - 8. Let r be (11/22)/(1/10*-1). Let s(v) = r*j(v) - 3*b(v). Let f be -1*(1 - 4)*-2. What is s(f)?
-2
Let b = -2197 - -2180. Let s(g) = -g**2 - 17*g + 5. What is s(b)?
5
Let i(g) = 2*g + 12. Let h be (-6)/9 - 98/(-21). Suppose -h*d = 2*j - 4, 0*d + d + j = 2. Suppose d = -l - 5*l - 54. Calculate i(l).
-6
Let q be (-1 - -2) + 10 - 3. Let d(p) = 0 - 3*p + 5 + q. Let a be d(6). Let t(u) = u**3 + 5*u**2 - 1. Give t(a).
-1
Let u(z) be the third derivative of -z**5/60 - 3*z**4/8 + 7*z**3/6 - 14*z**2 - 4. Give u(-9).
7
Suppose p + 2*d - 11 = 0, -p + 3*d - 9 = -0. Let x(c) = -5*c - 3 + 8*c - 6*c. Determine x(p).
-12
Let z(q) = 3*q - 1. Suppose 7*b + 84 = 19*b. Give z(b).
20
Let h(v) = v**3 - 7*v**2 + 8*v - 9. Suppose 5*w = 79 + 1226. Let l(p) = -265*p - 1 + w*p + 3. Let z be l(-1). Determine h(z).
3
Let i(z) = z**3 + 2*z**2 + 2*z - 5. Let a = 76 - 80. Let s(r) = 3*r**2 + 3*r - 6. Let n(h) = a*i(h) + 3*s(h). Give n(2).
-24
Let i(w) = w**2 - 6 - 8*w + 5*w - 3 - 5 + 9. Suppose -c + 1 = -5. Calculate i(c).
13
Let l(y) = -9*y**3 - 13*y**2 - 20*y - 21. Let w(v) = -4*v**3 - 7*v**2 - 10*v - 10. Let s(m) = -3*l(m) + 7*w(m). Give s(-9).
2
Let h(b) = b**3 + 7*b**2 + 6*b + 2. Let r(g) = 7*g + 1. Let f = -78 + 112. Let i = 33 - f. Let p be r(i). Calculate h(p).
2
Let f be 13/(-2) - 99/(-66). Let w(u) = -4*u**2 + 5*u - 11. Let a(c) = -c**2 + 2*c - 4. Let r(d) = 7*a(d) - 2*w(d). Calculate r(f).
-1
Let n(r) = -6*r**2 + 5*r - 4. Let u(w) = 61*w - 120. Let s be u(2). What is n(s)?
-18
Let c(i) = -3*i - 193*i**2 + 6*i - i**3 + 0*i**3 + 191*i**2. What is c(2)?
-10
Let c = 44 + -8. Suppose 0 = -5*d + 2*b - c, 4*d = 5*d + 2*b. Let t(j) = -j**2 - 7*j - 1. Give t(d).
5
Suppose c + 2 = i, -6*c = -2*c + 4. Let n(f) = -4*f + 1 - i. Let z = 1122 - 1123. Calculate n(z).
4
Let p = -43 + 45. Suppose z - p*r + 0*r + 12 = 0, 5*z + r + 5 = 0. Let d(x) = -2*x + 1. What is d(z)?
5
Let g(x) = 4*x + 21. Let p be g(-5). Let f(r) = -3*r + 10 - p - 3. Let l be 3 - 0 - (-2 + 1). Give f(l).
-6
Let r(a) = -5*a**3 - a**2 + 6*a - 6. Let h(d) = -d**3 - d**2 + d - 1. Let j(t) = -4*h(t) + r(t). Let c be ((-2)/(-3))/((-35)/90) - (-16)/(-56). Determine j(c).
14
Let a = 23 - 22. Let r(p) = a - 18*p + 2*p + 6*p + 9*p. Let k(v) = v + 4. Let x be k(-3). Determine r(x).
0
Let l(w) = -5*w - 4*w**2 - 7740 - 2*w**2 + w**3 + 3*w**2 + 7748. Determine l(4).
4
Let c(b) = 6*b**2 - 14*b. Let j(t) = -7*t**2 + 16*t. Let d(f) = -6*c(f) - 5*j(f). Suppose -4*i = -0*i - 4. Let p be (0 + i - 0) + 3. Determine d(p).
0
Suppose 3*b + 2*q + 5 = 0, -4*q + 6*q = -b - 3. Let l(v) = -44*v**2 + 6*v + 14. Let w(z) = -15*z**2 + 2*z + 5. Let s(x) = -4*l(x) + 11*w(x). Determine s(b).
12
Let y(z) be the second derivative of -z**3/3 + 8*z**2 - 22*z. Let o be y(9). Let l(h) = -h**3 - 2*h**2 - 2*h + 2. Calculate l(o).
6
Let h(y) = -19*y + 186. Let l be h(10). Let t(k) = k**3 + 4*k**2 + 6*k + 4. Give t(l).
-20
Let p(q) = q**3 - 7*q**2 + 5*q. Suppose -7*t + 2*t + 90 = 0. Suppose -i + 6 = -s, -s + t = 3*i + 2*s. Let j be p(i). Let a(k) = 2*k + 2. Give a(j).
-10
Let i(v) = -10*v - 4 - 2 + 15*v. Let t(d) = d**2 - 1. Let x(z) = -i(z) + t(z). Calculate x(5).
5
Let w(v) = -v**3 + 6*v**2 + 8*v - 2. Suppose 0 = 24*o + 18 - 186. Give w(o).
5
Let y(m) = 3*m - 2. Let o be y(2). Let n(p) = p - o + 2 + 0 - 2*p. Let z(g) = g**3 - 10*g**2 + 18*g - 10. Let k be z(8). Determine n(k).
-8
Let r(u) be the first derivative of -u**3/3 - 3*u**2 + 2*u - 67. What is r(-9)?
-25
Suppose 5*p = -197 - 163. Let g = p - -78. Let r(c) = c**2 - 9*c + 9. Give r(g).
-9
Let k(s) be the first derivative of 1/3*s**3 - 21 + 5*s + 4*s**2. Let v be (-26)/4 - (-1)/2. Calculate k(v).
-7
Let d(r) = 15*r**2 + 6 - 3 - 14*r**2 - 5*r. Let q be (-1*1)/((-2)/10). Suppose 0 = -4*x + q*s, -x + 2*s + s - 7 = 0. What is d(x)?
3
Suppose 9*k - 17 - 28 = 0. Let l(h) = -h**2 - 2*h + 7. Calculate l(k).
-28
Let f(l) = -9 + 5*l**2 + 0*l**2 - 3*l + 11*l - l**3. Let a(q) = q**2 + 16*q + 18. Let h be a(-15). Suppose 4*d + 5 = h*v - 9, d = 1. Give f(v).
3
Let p(t) = 5*t + 7. Let s be 3/((-2)/(-2)) - (53 - 49). Let j be p(s). Let m(d) = -1 - d + 9*d - 4*d. Determine m(j).
7
Let x(u) = 4*u**2 + 7*u - 3. Let a(j) = 6*j**2 + 11*j - 5. Let k(s) = 5*a(s) - 8*x(s). Let l(b) = b**2 - 5*b - 14. Let d be l(6). Let n = -6 - d. Give k(n).
-11
Let l = 10 + -8. Let y(h) = h**3 - h**2 - h**2 + h**2 + 5 + 7*h**l + 2*h. Determine y(-6).
-7
Let u = -21 - -15. Let k(q) be the second derivative of q**6/360 + q**5/30 - q**4/6 - 35*q**3/6 + 20*q. Let f(p) be the second derivative of k(p). What is f(u)?
8
Let w be 4/(4/7) + -2. Let a(v) = -w*v**2 - 2*v**2 - 6*v**2 + 4*v**2. Suppose -x - 3 = s, -2*s - 13 = s + 4*x. Give a(s).
-9
Let f(b) = -20*b - 8 + 7*b**2 + 7*b**2 + 46 - 10*b. Let l(d) = -5*d**2 + 10*d - 13. Let q(k) = -4*f(k) - 11*l(k). What is q(8)?
7
Let d(i) = 2*i**3 - 3*i**2 + 2. Let m(s) = -s**3 + s**2 - 1. Let z(l) = l**3 - 5*l**2 + l - 7. Let c be z(5). Let f(q) = c*d(q) - 5*m(q). Calculate f(-2).
-3
Let u(p) = 3*p - 1